{"id":1133,"date":"2020-03-12T21:10:06","date_gmt":"2020-03-13T02:10:06","guid":{"rendered":"https:\/\/cicloenergetico.com.co\/co\/?post_type=product&#038;p=1133"},"modified":"2020-04-30T14:23:17","modified_gmt":"2020-04-30T19:23:17","slug":"diseno-e-instalacion-de-sistemas-de-bombeo","status":"publish","type":"product","link":"https:\/\/www.cicloenergetico.com.co\/?product=diseno-e-instalacion-de-sistemas-de-bombeo","title":{"rendered":"Dise\u00f1o e instalaci\u00f3n de sistemas de bombeo"},"content":{"rendered":"<p>Es la m\u00e1quina que transforma energ\u00eda, aplic\u00e1ndola para mover el agua. Este<br \/>\nmovimiento, normalmente es ascendente. Las bombas pueden ser de dos tipos<br \/>\n\u201cvolum\u00e9tricas\u201d y \u201cturbobombas\u201d. Todas constan de un orificio de entrada (de<br \/>\naspiraci\u00f3n) y otro de salida (de impulsi\u00f3n).<\/p>\n","protected":false},"excerpt":{"rendered":"<p>Es la m\u00e1quina que transforma energ\u00eda, aplic\u00e1ndola para mover el agua. Este movimiento, normalmente es ascendente. Las bombas pueden ser de dos tipos \u201cvolum\u00e9tricas\u201d y \u201cturbobombas\u201d. Todas constan de un orificio de entrada (de aspiraci\u00f3n) y otro de salida (de impulsi\u00f3n).<\/p>\n","protected":false},"featured_media":1220,"comment_status":"closed","ping_status":"closed","template":"","meta":[],"_links":{"self":[{"href":"https:\/\/www.cicloenergetico.com.co\/index.php?rest_route=\/wp\/v2\/product\/1133"}],"collection":[{"href":"https:\/\/www.cicloenergetico.com.co\/index.php?rest_route=\/wp\/v2\/product"}],"about":[{"href":"https:\/\/www.cicloenergetico.com.co\/index.php?rest_route=\/wp\/v2\/types\/product"}],"replies":[{"embeddable":true,"href":"https:\/\/www.cicloenergetico.com.co\/index.php?rest_route=%2Fwp%2Fv2%2Fcomments&post=1133"}],"wp:featuredmedia":[{"embeddable":true,"href":"https:\/\/www.cicloenergetico.com.co\/index.php?rest_route=\/wp\/v2\/media\/1220"}],"wp:attachment":[{"href":"https:\/\/www.cicloenergetico.com.co\/index.php?rest_route=%2Fwp%2Fv2%2Fmedia&parent=1133"}],"curies":[{"name":"wp","href":"https:\/\/api.w.org\/{rel}","templated":true}]}}