{"id":1058,"date":"2016-04-01T12:14:45","date_gmt":"2016-04-01T17:14:45","guid":{"rendered":"http:\/\/cicloenergetico.com.co\/co\/?post_type=product&#038;p=1058"},"modified":"2016-04-01T12:16:14","modified_gmt":"2016-04-01T17:16:14","slug":"hub","status":"publish","type":"product","link":"https:\/\/www.cicloenergetico.com.co\/?product=hub","title":{"rendered":"HUB"},"content":{"rendered":"<p>Caracter\u00edsticas de Producto<\/p>\n<ul>\n<li>Pila de comunicaciones.<\/li>\n<li>Se\u00f1ales de carga compartida y de encendido\/apagado del ahorro de energ\u00eda.<\/li>\n<li>Cableado est\u00e1ndar de interconexi\u00f3n.<\/li>\n<li>Ethernet CAT5 con conectores modulares RJ45.<\/li>\n<\/ul>\n","protected":false},"excerpt":{"rendered":"<p>El administrador de de comunicaciones del sistema HUB es la columna vertebral de su sistema de conversi\u00f3n de potencia OutBack en red. El HUB Outback comunica apilamiento, carga compartida y se\u00f1ales de activaci\u00f3n \/ desactivaci\u00f3n del ahorro de energ\u00eda. El cableado de interconexi\u00f3n es Ethernet CAT5 RJ45 est\u00e1ndar con conectores modulares. Mediante el uso de un concentrador, el sistema ser\u00e1 completamente coordinado y administrado por el MATE.<\/p>\n","protected":false},"featured_media":1059,"comment_status":"closed","ping_status":"closed","template":"","meta":[],"_links":{"self":[{"href":"https:\/\/www.cicloenergetico.com.co\/index.php?rest_route=\/wp\/v2\/product\/1058"}],"collection":[{"href":"https:\/\/www.cicloenergetico.com.co\/index.php?rest_route=\/wp\/v2\/product"}],"about":[{"href":"https:\/\/www.cicloenergetico.com.co\/index.php?rest_route=\/wp\/v2\/types\/product"}],"replies":[{"embeddable":true,"href":"https:\/\/www.cicloenergetico.com.co\/index.php?rest_route=%2Fwp%2Fv2%2Fcomments&post=1058"}],"wp:featuredmedia":[{"embeddable":true,"href":"https:\/\/www.cicloenergetico.com.co\/index.php?rest_route=\/wp\/v2\/media\/1059"}],"wp:attachment":[{"href":"https:\/\/www.cicloenergetico.com.co\/index.php?rest_route=%2Fwp%2Fv2%2Fmedia&parent=1058"}],"curies":[{"name":"wp","href":"https:\/\/api.w.org\/{rel}","templated":true}]}}