{"id":1054,"date":"2016-04-01T12:11:39","date_gmt":"2016-04-01T17:11:39","guid":{"rendered":"http:\/\/cicloenergetico.com.co\/co\/?post_type=product&#038;p=1054"},"modified":"2016-04-01T12:12:02","modified_gmt":"2016-04-01T17:12:02","slug":"puerto-de-axs","status":"publish","type":"product","link":"https:\/\/www.cicloenergetico.com.co\/?product=puerto-de-axs","title":{"rendered":"Puerto de AXS"},"content":{"rendered":"<h3>Caracter\u00edsticas del Producto<\/h3>\n<ul>\n<li>Monitoreo y control remoto del sistema via interfaz web con OPTICS RE.<\/li>\n<li>Dispositivo compatible con SunSpec para interoperabilidad, conexi\u00f3n y operaci\u00f3n sin necesidad de configuraci\u00f3n.<\/li>\n<li>M\u00e1s de dos a\u00f1os de registro de datos.<\/li>\n<li>Los accesorios incluyen memoria MicroSD y clip de montaje tipo DIN-rail.<\/li>\n<\/ul>\n","protected":false},"excerpt":{"rendered":"<p>El puerto AXS Modbus TCP, ahora compatible con OPTICS RE, es una herramienta potente y econ\u00f3mica que permite a los instaladores y propietarios de sistemas monitorear y controlar el estado del sistema desde cualquier lugar.<\/p>\n","protected":false},"featured_media":1055,"comment_status":"closed","ping_status":"closed","template":"","meta":[],"_links":{"self":[{"href":"https:\/\/www.cicloenergetico.com.co\/index.php?rest_route=\/wp\/v2\/product\/1054"}],"collection":[{"href":"https:\/\/www.cicloenergetico.com.co\/index.php?rest_route=\/wp\/v2\/product"}],"about":[{"href":"https:\/\/www.cicloenergetico.com.co\/index.php?rest_route=\/wp\/v2\/types\/product"}],"replies":[{"embeddable":true,"href":"https:\/\/www.cicloenergetico.com.co\/index.php?rest_route=%2Fwp%2Fv2%2Fcomments&post=1054"}],"wp:featuredmedia":[{"embeddable":true,"href":"https:\/\/www.cicloenergetico.com.co\/index.php?rest_route=\/wp\/v2\/media\/1055"}],"wp:attachment":[{"href":"https:\/\/www.cicloenergetico.com.co\/index.php?rest_route=%2Fwp%2Fv2%2Fmedia&parent=1054"}],"curies":[{"name":"wp","href":"https:\/\/api.w.org\/{rel}","templated":true}]}}